igit of 35110?
5
What is the hundreds digit of 1116?
1
What is the units digit of 6945?
5
What is the thousands digit of 32343?
2
What is the tens digit of 199?
9
What is the hundred thousands digit of 115368?
1
What is the tens digit of 6475?
7
What is the tens digit of 2977?
7
What is the hundreds digit of 915?
9
What is the units digit of 6562?
2
What is the hundreds digit of 27128?
1
What is the hundreds digit of 11043?
0
What is the thousands digit of 3268?
3
What is the ten thousands digit of 26007?
2
What is the units digit of 82635?
5
What is the hundreds digit of 1716?
7
What is the units digit of 4086?
6
What is the tens digit of 41472?
7
What is the tens digit of 123655?
5
What is the tens digit of 914?
1
What is the tens digit of 896?
9
What is the thousands digit of 2765?
2
What is the units digit of 7354?
4
What is the units digit of 890?
0
What is the ten thousands digit of 43030?
4
What is the hundreds digit of 6971?
9
What is the hundreds digit of 2104?
1
What is the thousands digit of 1003?
1
What is the tens digit of 4016?
1
What is the units digit of 2102?
2
What is the hundreds digit of 5278?
2
What is the ten thousands digit of 10549?
1
What is the thousands digit of 14765?
4
What is the units digit of 8702?
2
What is the units digit of 1932?
2
What is the hundreds digit of 1328?
3
What is the tens digit of 25254?
5
What is the tens digit of 10720?
2
What is the hundreds digit of 5663?
6
What is the thousands digit of 2528?
2
What is the hundreds digit of 579?
5
What is the hundreds digit of 280?
2
What is the tens digit of 20624?
2
What is the hundreds digit of 593?
5
What is the tens digit of 31932?
3
What is the units digit of 61467?
7
What is the tens digit of 32837?
3
What is the tens digit of 412?
1
What is the tens digit of 2520?
2
What is the thousands digit of 12476?
2
What is the thousands digit of 6138?
6
What is the units digit of 2863?
3
What is the tens digit of 32622?
2
What is the tens digit of 2068?
6
What is the hundreds digit of 997?
9
What is the units digit of 45757?
7
What is the hundreds digit of 2251?
2
What is the units digit of 3757?
7
What is the tens digit of 13727?
2
What is the ten thousands digit of 12035?
1
What is the hundreds digit of 72387?
3
What is the ten thousands digit of 39097?
3
What is the tens digit of 8232?
3
What is the hundreds digit of 8250?
2
What is the tens digit of 22443?
4
What is the units digit of 40298?
8
What is the thousands digit of 3802?
3
What is the thousands digit of 1024?
1
What is the hundreds digit of 463?
4
What is the units digit of 1521?
1
What is the tens digit of 18070?
7
What is the hundreds digit of 158?
1
What is the hundreds digit of 3750?
7
What is the hundreds digit of 8109?
1
What is the tens digit of 1404?
0
What is the thousands digit of 7476?
7
What is the ten thousands digit of 164688?
6
What is the ten thousands digit of 16901?
1
What is the ten thousands digit of 20647?
2
What is the thousands digit of 22563?
2
What is the units digit of 187842?
2
What is the thousands digit of 1077?
1
What is the thousands digit of 98104?
8
What is the ten thousands digit of 14766?
1
What is the units digit of 95?
5
What is the thousands digit of 1628?
1
What is the hundreds digit of 232?
2
What is the thousands digit of 10750?
0
What is the units digit of 14886?
6
What is the thousands digit of 1374?
1
What is the units digit of 4404?
4
What is the thousands digit of 102264?
2
What is the units digit of 1248?
8
What is the thousands digit of 10742?
0
What is the units digit of 5156?
6
What is the tens digit of 31115?
1
What is the units digit of 12312?
2
What is the thousands digit of 5739?
5
What is the tens digit of 2986?
8
What is the units digit of 30847?
7
What is the tens digit of 105327?
2
What is the hundreds digit of 2671?
6
What is the tens digit of 5788?
8
What is the tens digit of 444?
4
What is the units digit of 16135?
5
What is the units digit of 1069?
9
What is the thousands digit of 1864?
1
What is the units digit of 4236?
6
What is the units digit of 284?
4
What is the thousands digit of 20029?
0
What is the hundreds digit of 19248?
2
What is the ten thousands digit of 40313?
4
What is the ten thousands digit of 20098?
2
What is the tens digit of 8252?
5
What is the ten thousands digit of 10893?
1
What is the tens digit of 1921?
2
What is the units digit of 55688?
8
What is the thousands digit of 1481?
1
What is the tens digit of 143006?
0
What is the tens digit of 2122?
2
What is the tens digit of 1058?
5
What is the tens digit of 4087?
8
What is the units digit of 869?
9
What is the tens digit of 132?
3
What is the thousands digit of 108685?
8
What is the hundreds digit of 634?
6
What is the tens digit of 110590?
9
What is the hundreds digit of 12131?
1
What is the thousands digit of 7867?
7
What is the thousands digit of 4390?
4
What is the tens digit of 1481?
8
What is the hundreds digit of 1246?
2
What is the units digit of 2632?
2
What is the tens digit of 206?
0
What is the tens digit of 1319?
1
What is the hundreds digit of 28526?
5
What is the tens digit of 1162?
6
What is the thousands digit of 1652?
1
What is the units digit of 399?
9
What is the thousands digit of 23006?
3
What is the ten thousands digit of 109230?
0
What is the tens digit of 759?
5
What is the tens digit of 75150?
5
What is the tens digit of 1075?
7
What is the units digit of 4275?
5
What is the thousands digit of 81491?
1
What is the tens digit of 2547?
4
What is the units digit of 80908?
8
What is the tens digit of 767?
6
What is the tens digit of 91214?
1
What is the hundreds digit of 75082?
0
What is the ten thousands digit of 30344?
3
What is the ten thousands digit of 90103?
9
What is the units digit of 38244?
4
What is the hundreds digit of 539?
5
What is the units digit of 1363?
3
What is the tens digit of 3710?
1
What is the tens digit of 12332?
3
What is the thousands digit of 37744?
7
What is the tens digit of 29709?
0
What is the units digit of 630?
0
What is the units digit of 2913?
3
What is the tens digit of 165?
6
What is the tens digit of 23997?
9
What is the tens digit of 7861?
6
What is the hundreds digit of 5867?
8
What is the units digit of 13092?
2
What is the units digit of 2678?
8
What is the units digit of 21049?
9
What is the thousands digit of 29057?
9
What is the hundreds digit of 364?
3
What is the hundreds digit of 385?
3
What is the units digit of 803?
3
What is the tens digit of 147906?
0
What is the tens digit of 46724?
2
What is the tens digit of 38198?
9
What is the thousands digit of 6972?
6
What is the hundreds digit of 586?
5
What is the thousands digit of 155886?
5
What is the thousands digit of 17378?
7
What is the tens digit of 354?
5
What is the hundreds digit of 8503?
5
What is the tens digit of 64104?
0
What is the thousands digit of 5278?
5
What is the units digit of 24124?
4
What is the hundreds digit of 2936?
9
What is the hundreds digit of 1476?
4
What is the hundreds digit of 3534?
5
What is the hundreds digit of 102?
1
What is the ten thousands digit of 31989?
3
What is the units digit of 12477?
7
What is the tens digit of 900?
0
What is the ten thousands digit of 137840?
3
What is the tens digit of 277?
7
What is the thousands digit of 2176?
2
What is the thousands digit of 20390?
0
What is the units digit of 157?
7
What is the units digit of 1346?
6
What is the tens digit of 108?
0
What is the ten thousands digit of 10362?
1
What is the thousands digit of 3692?
3
What is the units digit of 139?
9
What is the hundreds digit of 6160?
1
What is the hundreds digit of 11713?
7
What is the units digit of 1155?
5
What is the hundreds digit of 332?
3
What is the tens digit of 7576?
7
What is the thousands digit of 21774?
1
What is the hundreds digit of 3659?
6
What is the hundreds digit of 22655?
6
What is the tens digit of 31666?
6
What is the hundreds digit of 1002?
0
What is the ten thousands digit of 106447?
0
What is the tens digit of 101?
0
What is the units digit of 20939?
9
What is the hundreds digit of 73212?
2
What is the hundreds digit of 584?
5
What is the units digit of 33756?
6
What is the hundreds digit of 2067?
0
What is the hundreds digit of 22605?
6
What is the tens digit of 53041?
4
What is